{"id":246,"date":"2018-02-22T15:08:35","date_gmt":"2018-02-22T14:08:35","guid":{"rendered":"http:\/\/www.dottdentini-dentistadeibambini.it\/dott-dentini\/?page_id=246"},"modified":"2023-09-20T14:30:57","modified_gmt":"2023-09-20T12:30:57","slug":"privacy-policy","status":"publish","type":"page","link":"http:\/\/www.dottdentini-dentistadeibambini.it\/dott-dentini\/privacy-policy\/","title":{"rendered":"Privacy Policy"},"content":{"rendered":"<section class=\"l-section wpb_row height_small\"><div class=\"l-section-h i-cf\"><div class=\"g-cols vc_row via_flex valign_top type_default stacking_default\"><div class=\"vc_col-sm-12 wpb_column vc_column_container\"><div class=\"vc_column-inner\"><div class=\"wpb_wrapper\"><div class=\"wpb_text_column\"><div class=\"wpb_wrapper\"><h4 style=\"text-align: center;\"><strong>Informativa sulla privacy ed il trattamento dei dati personali<\/strong><\/h4>\n<h5 style=\"text-align: center;\"><strong>ai sensi dell\u2019 Art. 13 del Regolamento UE sulla protezione dei dati personali n. 679\/2016. <\/strong><\/h5>\n<p>&nbsp;<\/p>\n<p>La <strong>Clinica Merli srl<\/strong>, titolare del trattamento dei dati personali ai sensi degli articoli 4 e 28 del decreto legislativo 30 Giugno 2003, n. 196 &#8211; Codice della privacy (di seguito \u201cCodice\u201d) e degli articoli 4, n. 7) e 24 del Regolamento UE 2016\/679 del 27 aprile 2016 relativo alla protezione delle persone fisiche con riguardo al trattamento dei dati personali (di seguito, \u201cRegolamento\u201d), informa ai sensi dell\u2019art. 13 del Codice e 13 del Regolamento che proceder\u00e0 al trattamento dei dati personali forniti ad essa da persone fisiche o da Societ\u00e0 fornitrici di servizi e\/o beni per le finalit\u00e0 e con le modalit\u00e0 pi\u00f9 oltre indicate.<\/p>\n<p>&nbsp;<\/p>\n<p>Per trattamento di dati personali si intende (come indicato nel Regolamento art. 4 punto 2) qualsiasi operazione o insieme di operazioni, compiute con o senza l&#8217;ausilio di processi automatizzati e applicate a dati personali o insiemi di dati personali, anche se non registrati in una banca di dati, come la raccolta, la registrazione, l&#8217;organizzazione, la strutturazione, la conservazione, l&#8217;elaborazione, la selezione, il blocco, l&#8217;adattamento o la modifica, l&#8217;estrazione, la consultazione, l&#8217;uso, la comunicazione mediante trasmissione, la diffusione o qualsiasi altra forma di messa a disposizione, il raffronto o l&#8217;interconnessione, la limitazione, la cancellazione o la distruzione.<\/p>\n<p>&nbsp;<\/p>\n<p><u>Il trattamento verr\u00e0 svolto in via manuale (es: raccolta consensi informati ai trattamenti terapeutici) e in via elettronica o comunque con l\u2019ausilio di strumenti informatizzati o automatizzati (es. foto cliniche, radiografie ecc.).<\/u><\/p>\n<p>&nbsp;<\/p>\n<p><strong>Secondo le norme del Regolamento, i trattamenti effettuati dalla Clinica Merli srl saranno improntati ai principi di correttezza, liceit\u00e0 e trasparenza e di tutela della riservatezza. <\/strong><\/p>\n<p>&nbsp;<\/p>\n<p>Ai sensi dell&#8217;articolo 13 del Regolamento, forniamo quindi le seguenti informazioni.<\/p>\n<p>&nbsp;<\/p>\n<p><strong>I. Fonte dei dati personali oggetto di trattamento e finalit\u00e0 primarie del trattamento stesso. <\/strong><\/p>\n<p>I dati sono le informazioni personali e sanitarie che La riguardano.<br \/>\nLa fornitura dei suoi dati personali, anche appartenenti alle categorie particolari di cui all\u2019art. 9 del Regolamento UE 2016\/679, \u00e8 necessaria ai fini dell\u2019esecuzione del servizio contrattuale e conseguentemente la loro mancata o incompleta fornitura render\u00e0 impossibile assicurare tale servizio.<br \/>\nI dati saranno raccolti tramite la compilazione da parte sua del questionario anamnestico e da parte del personale medico dei consensi informati ai vari trattamenti terapeutici ai quali sar\u00e0 sottoposto.<br \/>\nI dati cos\u00ec raccolti dall\u2019equipe medica della Clinica Merli srl, oltre che utilizzati nel corso degli interventi di prevenzione, diagnosi e cura a Lei rivolti, saranno utilizzati anche ai fini amministrativi e fiscali, nonch\u00e9 per fini di ricerca e pubblicazioni scientifiche.<\/p>\n<p>&nbsp;<\/p>\n<p><strong>II. Modalit\u00e0 di trattamento e tempi di conservazione dei dati<\/strong><\/p>\n<p>Il trattamento dei Suoi dati personali \u00e8 realizzato per mezzo delle operazioni indicate all\u2019art. 4 n. 2) del Regolamento e precisamente: raccolta, registrazione, organizzazione, conservazione, consultazione, elaborazione, modificazione, selezione, estrazione, raffronto, utilizzo, interconnessione, blocco, comunicazione, cancellazione e distruzione dei dati. I Suoi dati personali sono sottoposti a trattamento sia cartaceo che elettronico e\/o automatizzato.<\/p>\n<p>I dati saranno conservati per i tempi definiti dalla normativa di riferimento, che di seguito si specificano ai sensi dell\u2019art. 13, comma 2, lettera (a) del Regolamento: i tempi previsti dallo Statuto e dai regolamenti federali, nazionali e internazionali; dieci anni per i documenti e relativi dati di natura civilistica, contabile e fiscale come previsti dalle leggi in vigore.<\/p>\n<p>&nbsp;<\/p>\n<p><strong>III. Accesso ai dati <\/strong><\/p>\n<p>I Suoi dati potranno essere resi accessibili ai seguenti soggetti:<\/p>\n<p>&#8211; collaboratori medici e dipendenti della Clinica Merli srl, nella loro qualit\u00e0 di incaricati e\/o responsabili interni del trattamento e\/o amministratori di sistema.<\/p>\n<p>&#8211; a societ\u00e0 terze o altri soggetti (a titolo indicativo, studi professionali, consulenti, societ\u00e0 di assicurazione per la prestazione di servizi assicurativi, etc.) che svolgono attivit\u00e0 in outsourcing per conto del Titolare, nella loro qualit\u00e0 di responsabili esterni del trattamento.<\/p>\n<p><strong>\u00a0<\/strong><\/p>\n<p><strong>IV. Comunicazione dei dati <\/strong><\/p>\n<p>Il Titolare del trattamento potr\u00e0 comunicare i Suoi dati per ad Autorit\u00e0 giudiziarie, a societ\u00e0 di assicurazione per la prestazione di servizi assicurativi, nonch\u00e9 a quei soggetti ai quali la comunicazione sia obbligatoria per legge per l\u2019espletamento delle finalit\u00e0 dette. Detti soggetti tratteranno i dati nella loro qualit\u00e0 di autonomi titolari del trattamento.<\/p>\n<p>I Suoi dati non saranno diffusi.<\/p>\n<p>&nbsp;<\/p>\n<p><strong>V. Conservazione dei dati<\/strong><\/p>\n<p>I suoi dati sono conservati su server residenti dedicati sottoposti a protezione (firewall, antivirus, accesso limitato solo agli autorizzati).<\/p>\n<p>I dati cartacei sono conservati in cartelle cliniche in archivi nel rispetto dei principi e delle regole previste dal Codice, e comunque in condizioni da garantire la sicurezza delle informazioni che La riguardano.<\/p>\n<p>&nbsp;<\/p>\n<p><strong>VI. Titolare e Responsabili del trattamento. <\/strong><\/p>\n<p>Titolare del trattamento dei dati \u00e8 la Clinica Merli srl con sede in Rimini, Viale Settembrini, 17\/o.<\/p>\n<p>Gli estremi che permettono di contattare rapidamente la Clinica Merli srl e di comunicare<\/p>\n<p>direttamente ed efficacemente con la stessa, compreso l&#8217;indirizzo di posta elettronica, sono:<\/p>\n<p>tel. +39 0541 52025 &#8211; fax +39 0541 52025 &#8211; clinicamerlisrl@postalegale.net<\/p>\n<p>&nbsp;<\/p>\n<p><strong>VII. Diritti dell\u2019interessato <\/strong><\/p>\n<p>Nella Sua qualit\u00e0 di interessato, ha i diritti di cui agli art.15-16-17-18-19-20-21-22 del Regolamento e precisamente i diritti di:<\/p>\n<p>a) ha diritto a chiedere alla Clinica Merli srl, quale titolare del trattamento, l&#8217;accesso ai dati personali, la rettifica o la cancellazione degli stessi o la limitazione del trattamento che lo riguardino, e di opporsi al loro trattamento, nei casi previsti;<\/p>\n<p>b) ha diritto di proporre in qualit\u00e0 di persone fisiche interessate un reclamo al Garante per la protezione dei dati personali, seguendo le procedure e le indicazioni pubblicate sul sito web ufficiale dell\u2019Autorit\u00e0 su www.garanteprivacy.it;<\/p>\n<p>c) le eventuali rettifiche o cancellazioni o limitazioni del trattamento effettuate su richiesta dell\u2019interessato &#8211; salvo che ci\u00f2 si riveli impossibile o implichi uno sforzo sproporzionato &#8211; saranno comunicate dalla Clinica Merli a ciascuno dei destinatari cui sono stati trasmessi i dati personali.<\/p>\n<p>La Clinica Merli potr\u00e0 comunicare all&#8217;interessato tali destinatari qualora l&#8217;interessato lo richieda.<\/p>\n<p>L\u2019esercizio dei diritti non \u00e8 soggetto ad alcun vincolo di forma ed \u00e8 gratuito.<\/p>\n<p>L\u2019indirizzo per l\u2019esercizio dei diritti \u00e8 clinicamerlisrl@postalegale.net.<\/p>\n<\/div><\/div><\/div><\/div><\/div><\/div><\/div><\/section>\n","protected":false},"excerpt":{"rendered":"Informativa sulla privacy ed il trattamento dei dati personali ai sensi dell\u2019 Art. 13 del Regolamento UE sulla protezione dei dati personali n. 679\/2016. &nbsp; La Clinica Merli srl, titolare del trattamento dei dati personali ai sensi degli articoli 4 e 28 del decreto legislativo 30 Giugno 2003, n. 196 &#8211; Codice della privacy (di...","protected":false},"author":1,"featured_media":0,"parent":0,"menu_order":90,"comment_status":"closed","ping_status":"closed","template":"","meta":{"footnotes":""},"class_list":["post-246","page","type-page","status-publish","hentry"],"yoast_head":"<!-- This site is optimized with the Yoast SEO plugin v27.5 - https:\/\/yoast.com\/product\/yoast-seo-wordpress\/ -->\n<title>Privacy Policy - Den - l\u2019aiutante speciale dei dentisti e amico dei bambini \u2022 Rimini<\/title>\n<meta name=\"robots\" content=\"index, follow, max-snippet:-1, max-image-preview:large, max-video-preview:-1\" \/>\n<link rel=\"canonical\" href=\"http:\/\/www.dottdentini-dentistadeibambini.it\/dott-dentini\/privacy-policy\/\" \/>\n<meta property=\"og:locale\" content=\"it_IT\" \/>\n<meta property=\"og:type\" content=\"article\" \/>\n<meta property=\"og:title\" content=\"Privacy Policy - Den - l\u2019aiutante speciale dei dentisti e amico dei bambini \u2022 Rimini\" \/>\n<meta property=\"og:url\" content=\"http:\/\/www.dottdentini-dentistadeibambini.it\/dott-dentini\/privacy-policy\/\" \/>\n<meta property=\"og:site_name\" content=\"Den - l\u2019aiutante speciale dei dentisti e amico dei bambini\" \/>\n<meta property=\"article:modified_time\" content=\"2023-09-20T12:30:57+00:00\" \/>\n<meta name=\"twitter:card\" content=\"summary_large_image\" \/>\n<meta name=\"twitter:label1\" content=\"Tempo di lettura stimato\" \/>\n\t<meta name=\"twitter:data1\" content=\"6 minuti\" \/>\n<script type=\"application\/ld+json\" class=\"yoast-schema-graph\">{\"@context\":\"https:\\\/\\\/schema.org\",\"@graph\":[{\"@type\":\"WebPage\",\"@id\":\"http:\\\/\\\/www.dottdentini-dentistadeibambini.it\\\/dott-dentini\\\/privacy-policy\\\/\",\"url\":\"http:\\\/\\\/www.dottdentini-dentistadeibambini.it\\\/dott-dentini\\\/privacy-policy\\\/\",\"name\":\"Privacy Policy - Den - l\u2019aiutante speciale dei dentisti e amico dei bambini \u2022 Rimini\",\"isPartOf\":{\"@id\":\"http:\\\/\\\/www.dottdentini-dentistadeibambini.it\\\/dott-dentini\\\/#website\"},\"datePublished\":\"2018-02-22T14:08:35+00:00\",\"dateModified\":\"2023-09-20T12:30:57+00:00\",\"breadcrumb\":{\"@id\":\"http:\\\/\\\/www.dottdentini-dentistadeibambini.it\\\/dott-dentini\\\/privacy-policy\\\/#breadcrumb\"},\"inLanguage\":\"it-IT\",\"potentialAction\":[{\"@type\":\"ReadAction\",\"target\":[\"http:\\\/\\\/www.dottdentini-dentistadeibambini.it\\\/dott-dentini\\\/privacy-policy\\\/\"]}]},{\"@type\":\"BreadcrumbList\",\"@id\":\"http:\\\/\\\/www.dottdentini-dentistadeibambini.it\\\/dott-dentini\\\/privacy-policy\\\/#breadcrumb\",\"itemListElement\":[{\"@type\":\"ListItem\",\"position\":1,\"name\":\"Home\",\"item\":\"http:\\\/\\\/www.dottdentini-dentistadeibambini.it\\\/dott-dentini\\\/\"},{\"@type\":\"ListItem\",\"position\":2,\"name\":\"Privacy Policy\"}]},{\"@type\":\"WebSite\",\"@id\":\"http:\\\/\\\/www.dottdentini-dentistadeibambini.it\\\/dott-dentini\\\/#website\",\"url\":\"http:\\\/\\\/www.dottdentini-dentistadeibambini.it\\\/dott-dentini\\\/\",\"name\":\"Den - l\u2019aiutante speciale dei dentisti e amico dei bambini\",\"description\":\"Specializzati nella cura dei tuoi dentini e della salute della tua bocca\",\"publisher\":{\"@id\":\"http:\\\/\\\/www.dottdentini-dentistadeibambini.it\\\/dott-dentini\\\/#organization\"},\"potentialAction\":[{\"@type\":\"SearchAction\",\"target\":{\"@type\":\"EntryPoint\",\"urlTemplate\":\"http:\\\/\\\/www.dottdentini-dentistadeibambini.it\\\/dott-dentini\\\/?s={search_term_string}\"},\"query-input\":{\"@type\":\"PropertyValueSpecification\",\"valueRequired\":true,\"valueName\":\"search_term_string\"}}],\"inLanguage\":\"it-IT\"},{\"@type\":\"Organization\",\"@id\":\"http:\\\/\\\/www.dottdentini-dentistadeibambini.it\\\/dott-dentini\\\/#organization\",\"name\":\"Dott. Den Tini - Dentista dei bambini\",\"url\":\"http:\\\/\\\/www.dottdentini-dentistadeibambini.it\\\/dott-dentini\\\/\",\"logo\":{\"@type\":\"ImageObject\",\"inLanguage\":\"it-IT\",\"@id\":\"http:\\\/\\\/www.dottdentini-dentistadeibambini.it\\\/dott-dentini\\\/#\\\/schema\\\/logo\\\/image\\\/\",\"url\":\"http:\\\/\\\/www.dottdentini-dentistadeibambini.it\\\/dott-dentini\\\/wp-content\\\/uploads\\\/2018\\\/02\\\/dott-den-tini.png\",\"contentUrl\":\"http:\\\/\\\/www.dottdentini-dentistadeibambini.it\\\/dott-dentini\\\/wp-content\\\/uploads\\\/2018\\\/02\\\/dott-den-tini.png\",\"width\":354,\"height\":100,\"caption\":\"Dott. Den Tini - Dentista dei bambini\"},\"image\":{\"@id\":\"http:\\\/\\\/www.dottdentini-dentistadeibambini.it\\\/dott-dentini\\\/#\\\/schema\\\/logo\\\/image\\\/\"}}]}<\/script>\n<!-- \/ Yoast SEO plugin. -->","yoast_head_json":{"title":"Privacy Policy - Den - l\u2019aiutante speciale dei dentisti e amico dei bambini \u2022 Rimini","robots":{"index":"index","follow":"follow","max-snippet":"max-snippet:-1","max-image-preview":"max-image-preview:large","max-video-preview":"max-video-preview:-1"},"canonical":"http:\/\/www.dottdentini-dentistadeibambini.it\/dott-dentini\/privacy-policy\/","og_locale":"it_IT","og_type":"article","og_title":"Privacy Policy - Den - l\u2019aiutante speciale dei dentisti e amico dei bambini \u2022 Rimini","og_url":"http:\/\/www.dottdentini-dentistadeibambini.it\/dott-dentini\/privacy-policy\/","og_site_name":"Den - l\u2019aiutante speciale dei dentisti e amico dei bambini","article_modified_time":"2023-09-20T12:30:57+00:00","twitter_card":"summary_large_image","twitter_misc":{"Tempo di lettura stimato":"6 minuti"},"schema":{"@context":"https:\/\/schema.org","@graph":[{"@type":"WebPage","@id":"http:\/\/www.dottdentini-dentistadeibambini.it\/dott-dentini\/privacy-policy\/","url":"http:\/\/www.dottdentini-dentistadeibambini.it\/dott-dentini\/privacy-policy\/","name":"Privacy Policy - Den - l\u2019aiutante speciale dei dentisti e amico dei bambini \u2022 Rimini","isPartOf":{"@id":"http:\/\/www.dottdentini-dentistadeibambini.it\/dott-dentini\/#website"},"datePublished":"2018-02-22T14:08:35+00:00","dateModified":"2023-09-20T12:30:57+00:00","breadcrumb":{"@id":"http:\/\/www.dottdentini-dentistadeibambini.it\/dott-dentini\/privacy-policy\/#breadcrumb"},"inLanguage":"it-IT","potentialAction":[{"@type":"ReadAction","target":["http:\/\/www.dottdentini-dentistadeibambini.it\/dott-dentini\/privacy-policy\/"]}]},{"@type":"BreadcrumbList","@id":"http:\/\/www.dottdentini-dentistadeibambini.it\/dott-dentini\/privacy-policy\/#breadcrumb","itemListElement":[{"@type":"ListItem","position":1,"name":"Home","item":"http:\/\/www.dottdentini-dentistadeibambini.it\/dott-dentini\/"},{"@type":"ListItem","position":2,"name":"Privacy Policy"}]},{"@type":"WebSite","@id":"http:\/\/www.dottdentini-dentistadeibambini.it\/dott-dentini\/#website","url":"http:\/\/www.dottdentini-dentistadeibambini.it\/dott-dentini\/","name":"Den - l\u2019aiutante speciale dei dentisti e amico dei bambini","description":"Specializzati nella cura dei tuoi dentini e della salute della tua bocca","publisher":{"@id":"http:\/\/www.dottdentini-dentistadeibambini.it\/dott-dentini\/#organization"},"potentialAction":[{"@type":"SearchAction","target":{"@type":"EntryPoint","urlTemplate":"http:\/\/www.dottdentini-dentistadeibambini.it\/dott-dentini\/?s={search_term_string}"},"query-input":{"@type":"PropertyValueSpecification","valueRequired":true,"valueName":"search_term_string"}}],"inLanguage":"it-IT"},{"@type":"Organization","@id":"http:\/\/www.dottdentini-dentistadeibambini.it\/dott-dentini\/#organization","name":"Dott. Den Tini - Dentista dei bambini","url":"http:\/\/www.dottdentini-dentistadeibambini.it\/dott-dentini\/","logo":{"@type":"ImageObject","inLanguage":"it-IT","@id":"http:\/\/www.dottdentini-dentistadeibambini.it\/dott-dentini\/#\/schema\/logo\/image\/","url":"http:\/\/www.dottdentini-dentistadeibambini.it\/dott-dentini\/wp-content\/uploads\/2018\/02\/dott-den-tini.png","contentUrl":"http:\/\/www.dottdentini-dentistadeibambini.it\/dott-dentini\/wp-content\/uploads\/2018\/02\/dott-den-tini.png","width":354,"height":100,"caption":"Dott. Den Tini - Dentista dei bambini"},"image":{"@id":"http:\/\/www.dottdentini-dentistadeibambini.it\/dott-dentini\/#\/schema\/logo\/image\/"}}]}},"_links":{"self":[{"href":"http:\/\/www.dottdentini-dentistadeibambini.it\/dott-dentini\/wp-json\/wp\/v2\/pages\/246","targetHints":{"allow":["GET"]}}],"collection":[{"href":"http:\/\/www.dottdentini-dentistadeibambini.it\/dott-dentini\/wp-json\/wp\/v2\/pages"}],"about":[{"href":"http:\/\/www.dottdentini-dentistadeibambini.it\/dott-dentini\/wp-json\/wp\/v2\/types\/page"}],"author":[{"embeddable":true,"href":"http:\/\/www.dottdentini-dentistadeibambini.it\/dott-dentini\/wp-json\/wp\/v2\/users\/1"}],"replies":[{"embeddable":true,"href":"http:\/\/www.dottdentini-dentistadeibambini.it\/dott-dentini\/wp-json\/wp\/v2\/comments?post=246"}],"version-history":[{"count":7,"href":"http:\/\/www.dottdentini-dentistadeibambini.it\/dott-dentini\/wp-json\/wp\/v2\/pages\/246\/revisions"}],"predecessor-version":[{"id":321,"href":"http:\/\/www.dottdentini-dentistadeibambini.it\/dott-dentini\/wp-json\/wp\/v2\/pages\/246\/revisions\/321"}],"wp:attachment":[{"href":"http:\/\/www.dottdentini-dentistadeibambini.it\/dott-dentini\/wp-json\/wp\/v2\/media?parent=246"}],"curies":[{"name":"wp","href":"https:\/\/api.w.org\/{rel}","templated":true}]}}