{"id":191,"date":"2018-02-22T12:52:47","date_gmt":"2018-02-22T11:52:47","guid":{"rendered":"http:\/\/www.dottdentini-dentistadeibambini.it\/dott-dentini\/?page_id=191"},"modified":"2020-08-18T10:15:19","modified_gmt":"2020-08-18T08:15:19","slug":"logopedia","status":"publish","type":"page","link":"http:\/\/www.dottdentini-dentistadeibambini.it\/dott-dentini\/terapie\/logopedia\/","title":{"rendered":"Logopedia"},"content":{"rendered":"<section class=\"l-section wpb_row height_small\"><div class=\"l-section-h i-cf\"><div class=\"g-cols vc_row via_flex valign_top type_default stacking_default\"><div class=\"vc_col-sm-12 wpb_column vc_column_container\"><div class=\"vc_column-inner\"><div class=\"wpb_wrapper\"><div class=\"w-image align_center\"><div class=\"w-image-h\"><img decoding=\"async\" width=\"400\" height=\"170\" src=\"http:\/\/www.dottdentini-dentistadeibambini.it\/dott-dentini\/wp-content\/uploads\/2018\/02\/bdf8670c3a457eb16ce4de14dfabb3a8_f124.jpg\" class=\"attachment-large size-large\" alt=\"\" loading=\"lazy\" srcset=\"http:\/\/www.dottdentini-dentistadeibambini.it\/dott-dentini\/wp-content\/uploads\/2018\/02\/bdf8670c3a457eb16ce4de14dfabb3a8_f124.jpg 400w, http:\/\/www.dottdentini-dentistadeibambini.it\/dott-dentini\/wp-content\/uploads\/2018\/02\/bdf8670c3a457eb16ce4de14dfabb3a8_f124-300x128.jpg 300w\" sizes=\"auto, (max-width: 400px) 100vw, 400px\" \/><\/div><\/div><div class=\"wpb_text_column\"><div class=\"wpb_wrapper\"><h4>Una funzione importante: La deglutizione<\/h4>\n<p>La deglutizione \u00e8 la funzione che permette a liquidi e solidi il passaggio dalla bocca allo stomaco. La deglutizione ha luogo in tre fasi: ingerimento, passaggio attraverso la faringe, passaggio dall\u2019esofago allo stomaco. Durante queste tre fasi sono coinvolti molti muscoli: la deglutizione si ripete dalle 1.600 alle 2.000 volte al giorno calcolando sia la deglutizione in seguito all\u2019assunzione di cibi e bevande che la deglutizione della saliva. La pressione esercitata dalla lingua ad ogni atto deglutorio \u00e8 di circa 1 kg, quindi il carico totale giornaliero pu\u00f2 arrivare fino a 2 tonnellate!<\/p>\n<p>Ecco perch\u00e9 la deglutizione \u00e8 cos\u00ec rilevante nello sviluppo dell\u2019apparato stomatognatico. Il processo di deglutizione inizia con la punta della lingua che tocca la papilla retroincisiva superiore. Poi, attraverso una serie di contrazioni dei vari muscoli, i denti entrano in contatto tra di loro, la lingua si appiattisce sul palato, favorendo la progressione del bolo alimentare verso la parte posteriore.<\/p>\n<p>A questo punto il palato molle si solleva e chiude le fosse nasali; contemporaneamente, si chiude la laringe.<\/p>\n<p>Con l\u2019apertura dell\u2019esofago il bolo passa infine dalla faringe all\u2019esofago e da l\u00ec nello stomaco.<\/p>\n<p>&nbsp;<\/p>\n<h4>La deglutizione atipica, meglio detta deglutizione scorretta<\/h4>\n<p>E\u2019 quella particolare e scorretta deglutizione presente in alcuni bambini e talvolta anche negli adulti, caratteriz-zata dall\u2019interposizione della lingua tra le arcate dentali.<\/p>\n<p>A differenza della deglutizione normale, in cui le labbra sono chiuse, nella deglutizione scorretta le labbra non si chiudono o per farlo i muscoli della faccia sono coinvolti in una contrazione eccessiva e visibile e la lingua si interpone tra i denti, che non sono a contatto.<\/p>\n<p>Spesso ne consegue uno scorretto sviluppo delle arcate dentarie.<\/p>\n<p>Questo accade per numerosi motivi, il pi\u00f9 frequente dei quali \u00e8 la presenza di una interferenza (biberon, ciuccio, suzione del dito, ecc&#8230;) durante lo svezzamento.<\/p>\n<p>Il trattamento dei bambini con alterazioni funzionali della deglutizione \u00e8 solitamente affrontato da un\u2019equipe di specialisti, che include il dentista, l\u2019ortodontista, il logopedista e il pediatra. Il dentista e l\u2019ortodontista sono chiamati in causa quando la pressione della lingua contro i denti interferisce con la normale crescita dei denti e con il loro corretto allineamento. Il pediatra dovr\u00e0 escludere che vi sia un concomitante problema di respirazione legato ad un\u2019ostruzione delle vie aeree che costringa il bambino a respirare e a mantenere la bocca aperta (come per esempio in caso di adenoidi e tonsille ipertrofiche). Il logopedista interverr\u00e0 valutando e trattando l\u2019impatto della disfunzione sull\u2019articolazione, sulla postura a riposo e sulla deglutizione. SINTOMI (esame obiettivo: la diagnosi comunque \u00e9 multidisciplinare, Pediatra, Otorino, Logopedista, Dentista)<\/p>\n<ul>\n<li>postura bassa della lingua a riposo<\/li>\n<li>spinta anteriore (o laterale, anche unilaterale) in deglutizione con ricerca da parte della lingua di un contatto con le labbra e le guance (abbassare con un dito il labbro inferiore mentre deglutisce: il labbro opporr\u00e0 molta resistenza a questo tentativo perch\u00e9 deve creare suggello)<\/li>\n<li>contrazione dei muscoli mimici periorali e delle labbra a garantire un suggello anteriore per il cibo che altrimenti potrebbe fuoriuscire (i genitori riferiscono che mentre mangiano un cracker escono briciole)<\/li>\n<li>muscolo mentale ipertrofico, fossetta sottomandibolare accentuata, con eccessiva attivit\u00e0 dell\u2019orbicolare (o ipotono se c\u2019\u00e9 resp orale)<\/li>\n<li>ipotrofia massetere e temporale (alla palpazione) e mancato contatto delle arcate in deglutizione<\/li>\n<li>talora frenulo linguale corto<\/li>\n<li>se associata c\u2019\u00e9 respirazione orale: naso stretto-facies adenoidea. La respirazione orale \u00e9 quasi sempre associata a difetti della motilit\u00e0 della lingua.<\/li>\n<li>palato ogivale.Le rugosit\u00e0 palatine non sono limitate alla zona retroincisale, ma si estendono su tutta la volta perch\u00e9 la lingua non poggia sul palato, \u201cspianandole\u201d.<\/li>\n<li>talora difetti di linguaggio associati (dislalie t, d, n, r, ch, l, s, z), voce nasale. Non nessariamente presenti, ma se c\u2019\u00e9 sigmatismo (la \u201cesse\u201d interdentale\u201d) \u00e9 quasi certo.<\/li>\n<li>spesso associata disfonia.<\/li>\n<li>associati difetti posturali della colonna vertebrale (anche da malocclusione) atteggiamento flesso e rilassato.<\/li>\n<li>anamnesi di abitudini viziate (succhiamento dito etc, vedi sez. successiva)<\/li>\n<\/ul>\n<\/div><\/div><div class=\"w-image align_center\"><div class=\"w-image-h\"><img decoding=\"async\" width=\"356\" height=\"162\" src=\"http:\/\/www.dottdentini-dentistadeibambini.it\/dott-dentini\/wp-content\/uploads\/2018\/02\/le-abitudini-viziate.jpg\" class=\"attachment-large size-large\" alt=\"\" loading=\"lazy\" srcset=\"http:\/\/www.dottdentini-dentistadeibambini.it\/dott-dentini\/wp-content\/uploads\/2018\/02\/le-abitudini-viziate.jpg 356w, http:\/\/www.dottdentini-dentistadeibambini.it\/dott-dentini\/wp-content\/uploads\/2018\/02\/le-abitudini-viziate-300x137.jpg 300w\" sizes=\"auto, (max-width: 356px) 100vw, 356px\" \/><\/div><\/div><div class=\"wpb_text_column\"><div class=\"wpb_wrapper\"><h4>CAUSE (serie di \u201ccircoli viziosi\u201d..)<\/h4>\n<ul>\n<li>Abitudini viziate: ciuccio o biberon troppo a lungo (oltre i 2-3 anni): suzione protratta. Questo crea forma (deformazioni delle arcate) e funzione (deglutiz atipica) scorrette. Maloccl. presente nel 20% dei bimbi che non smettono prima dei 4 anni, 13% 2-3 anni e 7% 1-2 anni).<\/li>\n<li>Allattamento artificiale: tettarelle di dimensioni errate, troppo lunghe o grandi, che schiacciano la lingua in basso, mancato sforzo neuromuscolare della suzione, perch\u00e9 il latte \u201ccade\u201d facilmente (foro di uscita troppo largo che facilita eccessivamente la caduta passiva del liquido per \u201cgravit\u00e0\u201d).<\/li>\n<li>Succhiamento del dito, del labbro o di altri oggetti o parti che ovviamente creano, oltre le turbe della deglutizione, deformazione del palato e dell\u2019arcata dentaria (beanza anteriore: circolo vizioso). Quasi totalmente reversibile se smette entro i tre anni&#8230; . Tecniche logopediche (bendaggio del braccio, steccamento del dito, uso di cerotto, ma associato ci deve essere il desiderio di smettere: training, motivazione, anche familiare) &#8211; psicoterapia- griglia saldata.<\/li>\n<li>Puppamento della lingua (tic di suzione linguale) notturno, involontario: disagio, stress, solitudine, disagio sociale, auto-coccole, carenze affettive, gelosia.<\/li>\n<li>Onicofagia: condiziona una posizione errata della lingua, che viene spinta contro gli incisivi inferiori.<\/li>\n<li>Respirazione orale: per ostruzione vie aeree superiori (rinite e asma allergico, ipertrofia turbinati, deviazioni del setto nasale, ipertrofia adenotonsillare etc) &#8211; ipertrofia tonsille con \u201cdislocazione\u201d &#8211; attenzione alla permanenza della abitudine viziata, dopo la rimozione delle cause organiche: logopedista &#8211; esercizi. Importantissimo da risolvere, al di l\u00e0 delle tematiche ortodontiche, perch\u00e9 la respirazione orale comunque predispone ad ulteriori infezioni perch\u00e9 il naso \u00e9 filtro, e umidifica etc (altro circolo vizioso), ipossigenazione, deficit di attenzione e concentrazione a scuola, e di prestazione sportive, affaticabilit\u00e0 etc. Relazione inversa: postura bassa della lingua crea due fatti: invoglia la respirazione orale in soggetti che non ne avrebbero motivo ed anche crea un mancato stimolo alla crescita del mascellare sup con iposviluppo strutture nasali e tendenza alle infezioni e quindi alla conseguente resp orale, con circolo vizioso.. Infine, il succhiamento del dito, la permanenza biberon etc provocano iposviluppo del palato e delle strutture nasali che porta a problemi nasali respiratori (altro \u201ccircolo vizioso\u201d).<\/li>\n<li>Interposizione linguale (la \u201cesse\u201d interdentale) durante la fonazione di natura imitativa, o per sordit\u00e0, problemi neurologici etc.<\/li>\n<li>Dismorfosi varie apparato stomatognatico, palatoschisi, macroglossia, frenulo linguale corto o anchilosi della lingua, cause di \u201cbeanza anteriore\u201d: traumatismi, cause iatrogene con cure ortodontiche o chirurgiche improprie, agenesie dentali, ritardi di eruzione dei denti, e carie dei denti da latte (sindrome da biberon con alimentaz liquida ed eccesso di zuccheri, che indeboliscono anche il tono muscolare..). Malocclusioni ereditarie (es.: III cl) o sindromi genetiche rare.<\/li>\n<li>Ipotono muscolare e malattie sistema nervoso, cerebrolesi, Down, farmaci miorilassanti.<\/li>\n<li>Deglutizione atipica primaria (origine psicologica da iperaccudimento parentale, la famiglia lo vuole far rimanere piccolo, atteggiamento infantile generale, disturbi del sonno, appetito, digestione, umore: atteggiamento di difesa a situazioni stressanti esterne).<\/li>\n<\/ul>\n<\/div><\/div><div class=\"w-image align_center\"><div class=\"w-image-h\"><img decoding=\"async\" width=\"441\" height=\"330\" src=\"http:\/\/www.dottdentini-dentistadeibambini.it\/dott-dentini\/wp-content\/uploads\/2018\/02\/3d21ae9c066adf180af7798c19b5491b_f122.jpg\" class=\"attachment-large size-large\" alt=\"\" loading=\"lazy\" srcset=\"http:\/\/www.dottdentini-dentistadeibambini.it\/dott-dentini\/wp-content\/uploads\/2018\/02\/3d21ae9c066adf180af7798c19b5491b_f122.jpg 441w, http:\/\/www.dottdentini-dentistadeibambini.it\/dott-dentini\/wp-content\/uploads\/2018\/02\/3d21ae9c066adf180af7798c19b5491b_f122-300x224.jpg 300w\" sizes=\"auto, (max-width: 441px) 100vw, 441px\" \/><\/div><\/div><div class=\"wpb_text_column\"><div class=\"wpb_wrapper\"><h4>CONSEGUENZE OCCLUSALI<\/h4>\n<ul>\n<li>influenza reciproca di funzione e forma (teoria della matrice funzionale di Moss)<\/li>\n<li>circolo vizioso (quando il morso si \u00e9 aperto, manca il sigillo anteriore e la deglutiz infantile persiste, questo \u00e9 uno dei motivi per cui trattamento logopedico e ortodontico vanno di pari passo, prima durante e dopo)<\/li>\n<li>la postura bassa della lingua stimola la mandibola e non fa sviluppare il palato (cross- III classe), peggio se associata a respirazione orale: palato stretto da iposviluppo<\/li>\n<li>spinta anteriore apre il morso, open<\/li>\n<li>spinta laterale, open laterale oppure morso crociato<\/li>\n<li>forza movente, diastemi<\/li>\n<li>overjet<\/li>\n<li>biprotrusione<\/li>\n<li>etc. etc.<\/li>\n<\/ul>\n<\/div><\/div><\/div><\/div><\/div><\/div><\/div><\/section>\n","protected":false},"excerpt":{"rendered":"Una funzione importante: La deglutizione La deglutizione \u00e8 la funzione che permette a liquidi e solidi il passaggio dalla bocca allo stomaco. La deglutizione ha luogo in tre fasi: ingerimento, passaggio attraverso la faringe, passaggio dall\u2019esofago allo stomaco. Durante queste tre fasi sono coinvolti molti muscoli: la deglutizione si ripete dalle 1.600 alle 2.000 volte...","protected":false},"author":1,"featured_media":0,"parent":55,"menu_order":0,"comment_status":"closed","ping_status":"closed","template":"","meta":{"footnotes":""},"class_list":["post-191","page","type-page","status-publish","hentry"],"yoast_head":"<!-- This site is optimized with the Yoast SEO plugin v27.5 - https:\/\/yoast.com\/product\/yoast-seo-wordpress\/ -->\n<title>Logopedia - Den - l\u2019aiutante speciale dei dentisti e amico dei bambini \u2022 Rimini<\/title>\n<meta name=\"robots\" content=\"index, follow, max-snippet:-1, max-image-preview:large, max-video-preview:-1\" \/>\n<link rel=\"canonical\" href=\"http:\/\/www.dottdentini-dentistadeibambini.it\/dott-dentini\/terapie\/logopedia\/\" \/>\n<meta property=\"og:locale\" content=\"it_IT\" \/>\n<meta property=\"og:type\" content=\"article\" \/>\n<meta property=\"og:title\" content=\"Logopedia - Den - l\u2019aiutante speciale dei dentisti e amico dei bambini \u2022 Rimini\" \/>\n<meta property=\"og:url\" content=\"http:\/\/www.dottdentini-dentistadeibambini.it\/dott-dentini\/terapie\/logopedia\/\" \/>\n<meta property=\"og:site_name\" content=\"Den - l\u2019aiutante speciale dei dentisti e amico dei bambini\" \/>\n<meta property=\"article:modified_time\" content=\"2020-08-18T08:15:19+00:00\" \/>\n<meta name=\"twitter:card\" content=\"summary_large_image\" \/>\n<meta name=\"twitter:label1\" content=\"Tempo di lettura stimato\" \/>\n\t<meta name=\"twitter:data1\" content=\"6 minuti\" \/>\n<script type=\"application\/ld+json\" class=\"yoast-schema-graph\">{\"@context\":\"https:\\\/\\\/schema.org\",\"@graph\":[{\"@type\":\"WebPage\",\"@id\":\"http:\\\/\\\/www.dottdentini-dentistadeibambini.it\\\/dott-dentini\\\/terapie\\\/logopedia\\\/\",\"url\":\"http:\\\/\\\/www.dottdentini-dentistadeibambini.it\\\/dott-dentini\\\/terapie\\\/logopedia\\\/\",\"name\":\"Logopedia - Den - l\u2019aiutante speciale dei dentisti e amico dei bambini \u2022 Rimini\",\"isPartOf\":{\"@id\":\"http:\\\/\\\/www.dottdentini-dentistadeibambini.it\\\/dott-dentini\\\/#website\"},\"datePublished\":\"2018-02-22T11:52:47+00:00\",\"dateModified\":\"2020-08-18T08:15:19+00:00\",\"breadcrumb\":{\"@id\":\"http:\\\/\\\/www.dottdentini-dentistadeibambini.it\\\/dott-dentini\\\/terapie\\\/logopedia\\\/#breadcrumb\"},\"inLanguage\":\"it-IT\",\"potentialAction\":[{\"@type\":\"ReadAction\",\"target\":[\"http:\\\/\\\/www.dottdentini-dentistadeibambini.it\\\/dott-dentini\\\/terapie\\\/logopedia\\\/\"]}]},{\"@type\":\"BreadcrumbList\",\"@id\":\"http:\\\/\\\/www.dottdentini-dentistadeibambini.it\\\/dott-dentini\\\/terapie\\\/logopedia\\\/#breadcrumb\",\"itemListElement\":[{\"@type\":\"ListItem\",\"position\":1,\"name\":\"Home\",\"item\":\"http:\\\/\\\/www.dottdentini-dentistadeibambini.it\\\/dott-dentini\\\/\"},{\"@type\":\"ListItem\",\"position\":2,\"name\":\"Terapie\",\"item\":\"http:\\\/\\\/www.dottdentini-dentistadeibambini.it\\\/dott-dentini\\\/terapie\\\/\"},{\"@type\":\"ListItem\",\"position\":3,\"name\":\"Logopedia\"}]},{\"@type\":\"WebSite\",\"@id\":\"http:\\\/\\\/www.dottdentini-dentistadeibambini.it\\\/dott-dentini\\\/#website\",\"url\":\"http:\\\/\\\/www.dottdentini-dentistadeibambini.it\\\/dott-dentini\\\/\",\"name\":\"Den - l\u2019aiutante speciale dei dentisti e amico dei bambini\",\"description\":\"Specializzati nella cura dei tuoi dentini e della salute della tua bocca\",\"publisher\":{\"@id\":\"http:\\\/\\\/www.dottdentini-dentistadeibambini.it\\\/dott-dentini\\\/#organization\"},\"potentialAction\":[{\"@type\":\"SearchAction\",\"target\":{\"@type\":\"EntryPoint\",\"urlTemplate\":\"http:\\\/\\\/www.dottdentini-dentistadeibambini.it\\\/dott-dentini\\\/?s={search_term_string}\"},\"query-input\":{\"@type\":\"PropertyValueSpecification\",\"valueRequired\":true,\"valueName\":\"search_term_string\"}}],\"inLanguage\":\"it-IT\"},{\"@type\":\"Organization\",\"@id\":\"http:\\\/\\\/www.dottdentini-dentistadeibambini.it\\\/dott-dentini\\\/#organization\",\"name\":\"Dott. Den Tini - Dentista dei bambini\",\"url\":\"http:\\\/\\\/www.dottdentini-dentistadeibambini.it\\\/dott-dentini\\\/\",\"logo\":{\"@type\":\"ImageObject\",\"inLanguage\":\"it-IT\",\"@id\":\"http:\\\/\\\/www.dottdentini-dentistadeibambini.it\\\/dott-dentini\\\/#\\\/schema\\\/logo\\\/image\\\/\",\"url\":\"http:\\\/\\\/www.dottdentini-dentistadeibambini.it\\\/dott-dentini\\\/wp-content\\\/uploads\\\/2018\\\/02\\\/dott-den-tini.png\",\"contentUrl\":\"http:\\\/\\\/www.dottdentini-dentistadeibambini.it\\\/dott-dentini\\\/wp-content\\\/uploads\\\/2018\\\/02\\\/dott-den-tini.png\",\"width\":354,\"height\":100,\"caption\":\"Dott. Den Tini - Dentista dei bambini\"},\"image\":{\"@id\":\"http:\\\/\\\/www.dottdentini-dentistadeibambini.it\\\/dott-dentini\\\/#\\\/schema\\\/logo\\\/image\\\/\"}}]}<\/script>\n<!-- \/ Yoast SEO plugin. -->","yoast_head_json":{"title":"Logopedia - Den - l\u2019aiutante speciale dei dentisti e amico dei bambini \u2022 Rimini","robots":{"index":"index","follow":"follow","max-snippet":"max-snippet:-1","max-image-preview":"max-image-preview:large","max-video-preview":"max-video-preview:-1"},"canonical":"http:\/\/www.dottdentini-dentistadeibambini.it\/dott-dentini\/terapie\/logopedia\/","og_locale":"it_IT","og_type":"article","og_title":"Logopedia - Den - l\u2019aiutante speciale dei dentisti e amico dei bambini \u2022 Rimini","og_url":"http:\/\/www.dottdentini-dentistadeibambini.it\/dott-dentini\/terapie\/logopedia\/","og_site_name":"Den - l\u2019aiutante speciale dei dentisti e amico dei bambini","article_modified_time":"2020-08-18T08:15:19+00:00","twitter_card":"summary_large_image","twitter_misc":{"Tempo di lettura stimato":"6 minuti"},"schema":{"@context":"https:\/\/schema.org","@graph":[{"@type":"WebPage","@id":"http:\/\/www.dottdentini-dentistadeibambini.it\/dott-dentini\/terapie\/logopedia\/","url":"http:\/\/www.dottdentini-dentistadeibambini.it\/dott-dentini\/terapie\/logopedia\/","name":"Logopedia - Den - l\u2019aiutante speciale dei dentisti e amico dei bambini \u2022 Rimini","isPartOf":{"@id":"http:\/\/www.dottdentini-dentistadeibambini.it\/dott-dentini\/#website"},"datePublished":"2018-02-22T11:52:47+00:00","dateModified":"2020-08-18T08:15:19+00:00","breadcrumb":{"@id":"http:\/\/www.dottdentini-dentistadeibambini.it\/dott-dentini\/terapie\/logopedia\/#breadcrumb"},"inLanguage":"it-IT","potentialAction":[{"@type":"ReadAction","target":["http:\/\/www.dottdentini-dentistadeibambini.it\/dott-dentini\/terapie\/logopedia\/"]}]},{"@type":"BreadcrumbList","@id":"http:\/\/www.dottdentini-dentistadeibambini.it\/dott-dentini\/terapie\/logopedia\/#breadcrumb","itemListElement":[{"@type":"ListItem","position":1,"name":"Home","item":"http:\/\/www.dottdentini-dentistadeibambini.it\/dott-dentini\/"},{"@type":"ListItem","position":2,"name":"Terapie","item":"http:\/\/www.dottdentini-dentistadeibambini.it\/dott-dentini\/terapie\/"},{"@type":"ListItem","position":3,"name":"Logopedia"}]},{"@type":"WebSite","@id":"http:\/\/www.dottdentini-dentistadeibambini.it\/dott-dentini\/#website","url":"http:\/\/www.dottdentini-dentistadeibambini.it\/dott-dentini\/","name":"Den - l\u2019aiutante speciale dei dentisti e amico dei bambini","description":"Specializzati nella cura dei tuoi dentini e della salute della tua bocca","publisher":{"@id":"http:\/\/www.dottdentini-dentistadeibambini.it\/dott-dentini\/#organization"},"potentialAction":[{"@type":"SearchAction","target":{"@type":"EntryPoint","urlTemplate":"http:\/\/www.dottdentini-dentistadeibambini.it\/dott-dentini\/?s={search_term_string}"},"query-input":{"@type":"PropertyValueSpecification","valueRequired":true,"valueName":"search_term_string"}}],"inLanguage":"it-IT"},{"@type":"Organization","@id":"http:\/\/www.dottdentini-dentistadeibambini.it\/dott-dentini\/#organization","name":"Dott. Den Tini - Dentista dei bambini","url":"http:\/\/www.dottdentini-dentistadeibambini.it\/dott-dentini\/","logo":{"@type":"ImageObject","inLanguage":"it-IT","@id":"http:\/\/www.dottdentini-dentistadeibambini.it\/dott-dentini\/#\/schema\/logo\/image\/","url":"http:\/\/www.dottdentini-dentistadeibambini.it\/dott-dentini\/wp-content\/uploads\/2018\/02\/dott-den-tini.png","contentUrl":"http:\/\/www.dottdentini-dentistadeibambini.it\/dott-dentini\/wp-content\/uploads\/2018\/02\/dott-den-tini.png","width":354,"height":100,"caption":"Dott. Den Tini - Dentista dei bambini"},"image":{"@id":"http:\/\/www.dottdentini-dentistadeibambini.it\/dott-dentini\/#\/schema\/logo\/image\/"}}]}},"_links":{"self":[{"href":"http:\/\/www.dottdentini-dentistadeibambini.it\/dott-dentini\/wp-json\/wp\/v2\/pages\/191","targetHints":{"allow":["GET"]}}],"collection":[{"href":"http:\/\/www.dottdentini-dentistadeibambini.it\/dott-dentini\/wp-json\/wp\/v2\/pages"}],"about":[{"href":"http:\/\/www.dottdentini-dentistadeibambini.it\/dott-dentini\/wp-json\/wp\/v2\/types\/page"}],"author":[{"embeddable":true,"href":"http:\/\/www.dottdentini-dentistadeibambini.it\/dott-dentini\/wp-json\/wp\/v2\/users\/1"}],"replies":[{"embeddable":true,"href":"http:\/\/www.dottdentini-dentistadeibambini.it\/dott-dentini\/wp-json\/wp\/v2\/comments?post=191"}],"version-history":[{"count":9,"href":"http:\/\/www.dottdentini-dentistadeibambini.it\/dott-dentini\/wp-json\/wp\/v2\/pages\/191\/revisions"}],"predecessor-version":[{"id":348,"href":"http:\/\/www.dottdentini-dentistadeibambini.it\/dott-dentini\/wp-json\/wp\/v2\/pages\/191\/revisions\/348"}],"up":[{"embeddable":true,"href":"http:\/\/www.dottdentini-dentistadeibambini.it\/dott-dentini\/wp-json\/wp\/v2\/pages\/55"}],"wp:attachment":[{"href":"http:\/\/www.dottdentini-dentistadeibambini.it\/dott-dentini\/wp-json\/wp\/v2\/media?parent=191"}],"curies":[{"name":"wp","href":"https:\/\/api.w.org\/{rel}","templated":true}]}}